(-780)/(-14) - 6/(-21). Suppose -5*b + 3*b = -h. What is the remainder when i(6) is divided by b?
26
Let n = 46 + 24. Calculate the remainder when n is divided by 20.
10
Let w be (1/2)/((-2)/372). Let l = -51 - w. Let o = l + -19. What is the remainder when 44 is divided by o?
21
Suppose 34*a - 1040 = 21*a. Calculate the remainder when a is divided by 7.
3
Let b = 1131 + -959. Calculate the remainder when b is divided by 44.
40
Calculate the remainder when 103 is divided by 46 + (16 - 10) + 4.
47
Let w(q) = -4*q - 2. Suppose -2*h = -4*z - 20, -2*h - z - 8 = -33. Calculate the remainder when h is divided by w(-2).
0
Let o = -232 + 303. Calculate the remainder when o is divided by 18.
17
Let t = 1291 - 682. What is the remainder when t is divided by 68?
65
Let a(q) = 2*q - 3 - 4*q + q**2 - 5 + 3*q. Calculate the remainder when 22 is divided by a(4).
10
Suppose -4*k = -13*k + 117. Let b(n) = n**2 + 12*n + 11. Let z be b(-11). Suppose z = -0*x + 4*x - 100. Calculate the remainder when x is divided by k.
12
Suppose 0 = -3*r + 2*s + 1, 3*r - 29 = -0*s - 5*s. Let f = r + 34. What is the remainder when f is divided by 10?
7
Let f(n) = n**3 - 2*n**2 + 4*n - 3. Suppose 0 = p - 7. Let y be f(p). Suppose 0 = -2*r - 3*r + y. Calculate the remainder when r is divided by 19.
16
Let y(f) = -f**3 + 2*f**2 - 7*f + 13. Let l be y(2). Let u = 5 - 10. Calculate the remainder when 62 is divided by (l/5 + -3)*u.
14
Let w = 132 - 89. Suppose 43 = 2*k + t, 16 + 38 = 3*k + 5*t. Calculate the remainder when w is divided by k.
20
Let j = 16 + -15. What is the remainder when -10 - -15 - j*-3 is divided by -1*(-6)/2*1?
2
Suppose -1 - 20 = -m - 2*c, 2*c = 2. Let b(y) = -151*y + 332. What is the remainder when b(2) is divided by m?
11
What is the remainder when 98 is divided by 240/32*(-16)/(-6)?
18
Suppose 4*o + 521 = -5*c, 2*c = 5*o - 2*c + 641. What is the remainder when (-4 - (-55)/15)*o is divided by 15?
13
Suppose 26 = 6*q - 4. Suppose -w + 0*k + 30 = -2*k, -3*k = -q*w + 178. Calculate the remainder when 111 is divided by w.
35
Suppose n + 5*x - 3 = 0, -16 = 3*n - 4*x - 101. What is the remainder when 114 is divided by n?
22
Let h(s) = 36*s - 1. Let a(p) = p**2 - 187*p + 3204. What is the remainder when h(1) is divided by a(168)?
11
Let d(o) = -o + 10. Let q be d(7). Let c be q + 1 - (4 - 6). Suppose -3*w - l + 132 = -c*l, 144 = 4*w + 4*l. Calculate the remainder when w is divided by 15.
9
Let p(i) = 2*i**2 + 4*i - 1. Calculate the remainder when p(-8) is divided by 8.
7
What is the remainder when -1 - (-5 + -55 + 7) is divided by 14?
10
Let z(b) = -43*b - 369. What is the remainder when z(-9) is divided by 6?
0
Let b = -43 - -67. Suppose -18 - b = -t. Let o = t + -21. Calculate the remainder when o is divided by 11.
10
Let w = 18 - 29. Let s(b) = b + 31. Let t be s(w). What is the remainder when 9/15 + 608/t is divided by 8?
7
Let o = 15 + 10. Calculate the remainder when 92 is divided by o.
17
Suppose 20*r - 2*r - 666 = 0. Calculate the remainder when 79 is divided by r.
5
Let d = 284 + -268. What is the remainder when 79 is divided by d?
15
Let k(i) = 12*i**2 - 3*i - 1. Let r be k(-2). Let g = 74 - r. What is the remainder when g is divided by -3*((-8)/(-16))/((-6)/44)?
10
Suppose -5*a = -0*n - 3*n + 38, 4*a + 22 = n. What is the remainder when 8 is divided by 48/n - (4 + -1)?
3
Suppose 5*d - 5*x - 40 = 0, -4 = -2*d - 3*x + 12. Let a = 127 - 69. What is the remainder when 6/(1 + -3) + a is divided by d?
7
Let j = 502 + -252. Suppose -h - 111 = -3*h - 3*y, 0 = -5*h - 2*y + j. What is the remainder when h is divided by 17?
14
Let y(n) = n**2 - 7*n - 3. Let j be (1 + -2 + 2)*3. Suppose j*h = 5*h - 16. Calculate the remainder when y(h) is divided by 3.
2
Suppose 2*q + 0*q - 5*s = 3, 53 = 2*q + 5*s. Calculate the remainder when 34 is divided by q.
6
Let l(g) be the first derivative of g**3/3 + 4*g - 25. What is the remainder when 39 is divided by l(-4)?
19
Suppose -2*v + 64 = -v. Suppose 0 = -7*x + 186 - 32. What is the remainder when v is divided by x?
20
Calculate the remainder when 66 is divided by 43/(-86) - (-50)/4.
6
Suppose c = 2*l - 48, 0 = 5*l - 5*c - 188 + 68. Suppose k = -4*k + 470. Calculate the remainder when k is divided by l.
22
Suppose -8*r + 57 - 169 = 0. Let y be 8*6*2/3. Let c = y + r. What is the remainder when c is divided by 7?
4
Let u be 21/3 + (-40)/10. Let g = 59 + u. Let a(b) = -3*b**3 - b**2 + b - 2. What is the remainder when g is divided by a(-2)?
14
Suppose -5*n + 185 = -0. Suppose -42*c = c - 1633 - 1420. What is the remainder when c is divided by n?
34
Let y(u) = 41*u + 11*u**2 - 3 - 1 - u**3 - 48*u. Calculate the remainder when 51 is divided by y(10).
25
Calculate the remainder when -9 - 150/(-20) - 239/(-2) is divided by 30.
28
Suppose 4*q + 5 = 5*t - q, -20 = 4*t + 2*q. Suppose 51 = 3*d - 3*x, x + 17 = -d + 42. Let n = d + t. What is the remainder when n is divided by 7?
4
Let n(f) = -11*f**2 + 3 + 10*f**2 - 4*f - 4*f + 7*f. Let o(v) = -v**2 + 3. Let b(q) = 2*n(q) - 3*o(q). What is the remainder when 45 is divided by b(-3)?
9
Let n = -6674 - -6689. Let p(g) = g**2 - g + 7. What is the remainder when p(5) is divided by n?
12
Let c(u) = -u**3 + 2*u**2 + 3*u + 2. Let k be c(-1). Suppose -b + 258 = k*b. Calculate the remainder when b is divided by 29.
28
Let y = -3 + 5. Suppose -5*v + 31 = 4*d + 7, y*d + 2 = v. Suppose -v*p = -4*a + 16, -4*a + 0*p = -2*p - 12. What is the remainder when 5 is divided by a?
1
Suppose -252 = -6*k + 2*k. Let v = -37 + k. What is the remainder when v is divided by 14?
12
Suppose -c + 4*i = -39, 4*c + 144 = 9*c - 3*i. Calculate the remainder when 39 is divided by c.
12
Let i be (-12)/24*8/2. What is the remainder when i + 37 + 3/1 is divided by 13?
12
Let f = -16 - -26. Suppose f*v - 14 = 3*v. Suppose 3*q - 42 = v*q. What is the remainder when q is divided by 11?
9
Let i(h) = 3 + 0*h - 7 + 3 - h. Let z(g) = 51*g + 2. Let w(c) = 3*i(c) + z(c). Calculate the remainder when w(1) is divided by 17.
13
Suppose 3*w - 4*w + 24 = 5*m, -5*m + 200 = 5*w. Let v(p) = -4*p**2 - 13*p + 21. Calculate the remainder when w is divided by v(-4).
8
Let h = 109 + -57. Suppose -s - 3*s + h = 0. Calculate the remainder when 20 is divided by s.
7
Suppose 0 = 32*l - 438 - 106. Calculate the remainder when l is divided by 11.
6
Let k(r) = 6*r - 24. Let y be k(6). Let a(v) = -v**3 + 12*v**2 + 2*v - 15. Calculate the remainder when 24 is divided by a(y).
6
Let f be (-19)/((-51)/68*(-4)/42). Suppose 42 = 5*n - 2*n. What is the remainder when (-14658)/f + 4/(-38) is divided by n?
13
Suppose -3 - 36 = -3*x + 5*m, 3*m = -3*x + 63. Let z(l) = -l + 9. Calculate the remainder when x is divided by z(5).
2
Let k = 32 - 25. Let q = -12 + 5. Calculate the remainder when k is divided by (q - -9)*(0 + 2).
3
Suppose 150 = -8*s + 3*s. What is the remainder when (72/s)/(9/(-120)) is divided by 13?
6
Suppose 11*p - 256 = 7*p. Suppose 3*s + p = 178. Calculate the remainder when s is divided by 20.
18
Suppose 0 = -3*y + 787 + 2408. Suppose y = 25*a - 10*a. What is the remainder when a is divided by 19?
14
Let w = -251 + 360. Calculate the remainder when w is divided by 23.
17
Let m(o) = o**3 + 4*o**2 - o + 4. Suppose -5*c + 4*g = 17, g + 27 = -9*c + 4*c. Let u be m(c). Let r = u - -23. What is the remainder when 41 is divided by r?
6
Let i(n) = -n**3 - 3. Let j = -147 + 266. Calculate the remainder when j is divided by i(-3).
23
Let n = 178 + -103. What is the remainder when n is divided by 3*(152/24)/1?
18
Let g(y) = -148*y - 498. Calculate the remainder when g(-4) is divided by 16.
14
Let h be (35/10 + -4)*-10. Suppose 15 = 6*i - i, -h*i = -v - 9. Calculate the remainder when 15 is divided by v.
3
Let t be (-2)/9 + (-1344)/(-216). Suppose -2*f + t*f = 288. Calculate the remainder when f is divided by 15.
12
What is the remainder when 303 is divided by (-386)/(-26) - -2 - 20/(-130)?
14
Let d(z) = z**2 + 25*z + 155. What is the remainder when d(-22) is divided by 52?
37
Let z be 0/(3 - 4 - -3). Suppose z*x + x + 4*q = 28, 0 = q - 1. Suppose -2*m = m - 285. Calculate the remainder when m is divided by x.
23
Suppose -35*w = -37*w + 48. Calculate the remainder when w is divided by 14/4 - (-2)/4.
0
Suppose 2*x + 167 = -o - 2*o, -5*o = -3*x + 272. Calculate th